ivided by 13877.
3124
Calculate the remainder when 67129829 is divided by 7.
4
What is the remainder when 15118 is divided by 416?
142
What is the remainder when 23896 is divided by 2652?
28
Calculate the remainder when 107177 is divided by 654.
575
Calculate the remainder when 12192287 is divided by 4281.
4280
Calculate the remainder when 62676308 is divided by 3917269.
4
What is the remainder when 75893 is divided by 32424?
11045
Calculate the remainder when 52799 is divided by 52608.
191
What is the remainder when 1295331 is divided by 2565?
6
What is the remainder when 292951 is divided by 10820?
811
Calculate the remainder when 138473 is divided by 11453.
1037
Calculate the remainder when 4426631 is divided by 1475454.
269
Calculate the remainder when 33595686 is divided by 3285.
3276
What is the remainder when 7375814 is divided by 786?
776
What is the remainder when 31272421 is divided by 4444?
4437
What is the remainder when 583693 is divided by 384?
13
Calculate the remainder when 95259021 is divided by 84.
81
What is the remainder when 175758387 is divided by 41?
38
Calculate the remainder when 3508852 is divided by 125312.
116
Calculate the remainder when 3367679 is divided by 128.
127
Calculate the remainder when 503650 is divided by 167794.
268
Calculate the remainder when 631037 is divided by 1175.
62
What is the remainder when 140970262 is divided by 6?
4
What is the remainder when 1674352 is divided by 14?
8
Calculate the remainder when 10740641 is divided by 1076.
9
Calculate the remainder when 26445408 is divided by 71.
38
Calculate the remainder when 4455225 is divided by 99003.
90
What is the remainder when 492373135 is divided by 14?
9
What is the remainder when 53598 is divided by 2678?
38
Calculate the remainder when 25244 is divided by 8397.
53
Calculate the remainder when 18836209 is divided by 54283.
8
What is the remainder when 1108250 is divided by 20150?
0
What is the remainder when 10116494 is divided by 1264551?
86
What is the remainder when 13497218 is divided by 19?
17
What is the remainder when 14867 is divided by 2109?
104
Calculate the remainder when 61562 is divided by 935.
787
What is the remainder when 11587139 is divided by 2896763?
87
What is the remainder when 2407628 is divided by 37039?
93
Calculate the remainder when 282205172 is divided by 381.
377
What is the remainder when 5661809 is divided by 57?
56
What is the remainder when 1049179429 is divided by 247?
246
Calculate the remainder when 12072 is divided by 5982.
108
What is the remainder when 147145567 is divided by 2795?
2792
What is the remainder when 2832472 is divided by 947?
942
Calculate the remainder when 21732597 is divided by 1522.
1481
Calculate the remainder when 571089196 is divided by 5641.
5638
What is the remainder when 218571310 is divided by 86?
74
What is the remainder when 5932999 is divided by 1700?
1699
Calculate the remainder when 59160 is divided by 2461.
96
Calculate the remainder when 2397359 is divided by 21.
20
Calculate the remainder when 86218951 is divided by 113.
64
What is the remainder when 263230 is divided by 2007?
313
What is the remainder when 28728792 is divided by 28728787?
5
What is the remainder when 9726 is divided by 235?
91
What is the remainder when 39498287 is divided by 48?
47
What is the remainder when 27442 is divided by 75?
67
Calculate the remainder when 176579 is divided by 151.
60
Calculate the remainder when 883588053 is divided by 5083.
5080
What is the remainder when 1038957186 is divided by 309?
306
Calculate the remainder when 54352494 is divided by 26.
14
Calculate the remainder when 795191 is divided by 4820.
4711
Calculate the remainder when 271883 is divided by 15620.
6343
Calculate the remainder when 720510 is divided by 6155.
375
Calculate the remainder when 6632161 is divided by 442144.
1
What is the remainder when 10993577 is divided by 2208?
2153
Calculate the remainder when 9247533 is divided by 14.
1
What is the remainder when 116621184 is divided by 825?
9
What is the remainder when 155262 is divided by 2584?
222
Calculate the remainder when 18155469 is divided by 8.
5
Calculate the remainder when 14353075 is divided by 573.
571
Calculate the remainder when 103098151 is divided by 9058.
9053
Calculate the remainder when 41777033 is divided by 150.
83
Calculate the remainder when 97802 is divided by 417.
224
Calculate the remainder when 403844 is divided by 31063.
25
What is the remainder when 8693596 is divided by 2585?
241
What is the remainder when 801487889 is divided by 15?
14
What is the remainder when 3325877 is divided by 1769?
157
What is the remainder when 42671 is divided by 10654?
55
Calculate the remainder when 7319083 is divided by 1159.
1157
Calculate the remainder when 31494 is divided by 2415.
99
What is the remainder when 1359925821 is divided by 2368?
2365
Calculate the remainder when 70029 is divided by 1415.
694
What is the remainder when 60784 is divided by 4386?
3766
Calculate the remainder when 15885869 is divided by 30.
29
What is the remainder when 2016904 is divided by 53?
42
What is the remainder when 39549314 is divided by 10?
4
What is the remainder when 6423635 is divided by 51?
32
Calculate the remainder when 6884386 is divided by 5312.
34
Calculate the remainder when 6110444 is divided by 2616.
2084
Calculate the remainder when 3638836 is divided by 3698.
4
What is the remainder when 55763 is divided by 777?
596
Calculate the remainder when 203139 is divided by 86.
7
What is the remainder when 765047 is divided by 58848?
23
Calculate the remainder when 124647 is divided by 31040.
487
Calculate the remainder when 2129806 is divided by 709929.
19
What is the remainder when 146066730 is divided by 323?
316
What is the remainder when 154085 is divided by 1317?
1313
What is the remainder when 74111 is divided by 8?
7
Calculate the remainder when 120208 is divided by 119956.
252
Calculate the remainder when 54450204 is divided by 172.
164
Calculate the remainder when 2199419 is divided by 678.
665
Calculate the remainder when 11085263 is divided by 68.
39
What is the remainder when 62779856 is divided by 2981?
2977
Calculate the remainder when 1785405 is divided by 13032.
21
What is the remainder when 291955 is divided by 97060?
775
What is the remainder when 168094 is divided by 2406?
2080
What is the remainder when 172323 is divided by 24611?
46
Calculate the remainder when 12785085 is divided by 18.
9
What is the remainder when 7299335 is divided by 69?
32
What is the remainder when 26755855 is divided by 932?
931
Calculate the remainder when 34820778 is divided by 219.
216
What is the remainder when 777944 is divided by 1902?
26
Calculate the remainder when 1610302 is divided by 93.
7
What is the remainder when 182666 is divided by 1168?
458
Calculate the remainder when 8178344 is divided by 315.
314
Calculate the remainder when 91504 is divided by 3657.
79
What is the remainder when 1115768 is divided by 64?
56
What is the remainder when 7605859 is divided by 2?
1
Calculate the remainder when 24653214 is divided by 155.
154
Calculate the remainder when 158913 is divided by 5296.
33
Calculate the remainder when 254396403 is divided by 3976.
3971
What is the remainder when 761481 is divided by 15862?
105
Calculate the remainder when 446852 is divided by 9258.
2468
Calculate the remainder when 492793 is divided by 5133.
25
Calculate the remainder when 4487348 is divided by 3503.
5
Calculate the remainder when 249376 is divided by 82874.
754
Calculate the remainder when 202183 is divided by 9379.
5224
What is the remainder when 150783810 is divided by 70230?
0
Calculate the remainder when 29009 is divided by 2094.
1787
What is the remainder when 82498089 is divided by 82?
21
Calculate the remainder when 2816440 is divided by 2816421.
19
What is the remainder when 1148282 is divided by 22965?
32
Calculate the remainder when 189626 is divided by 1877.
49
What is the remainder when 1389948 is divided by 694961?
26
What is the remainder when 123733 is divided by 5884?
169
What is the remainder when 32735127 is divided by 84806?
11
What is the remainder when 177378 is divided by 1211?
572
What is the remainder when 54843 is divided by 254?
233
Calc